erivative of -l**4/4 + 7*l**3/3 - 7*l**2/2 + 2*l + 2. What is t(s)?
-4
Let m(o) = -52 - 14*o**2 + 61 - 25 + o**3 - 14*o. What is m(15)?
-1
Let n(h) be the first derivative of -h**5/30 - h**4/12 + h**3/6 - 11*h**2 - 26. Let s(i) be the second derivative of n(i). Calculate s(1).
-3
Let x(m) = 27*m**3 + m**2 + 2*m + 2. Let p(y) = -5*y**2 - 5*y - 1. Let o be p(-1). Give x(o).
-26
Let p(i) = -i**3 - 10*i**2 - i + 2. Let v = -1107 + 1097. What is p(v)?
12
Let y(b) = -3*b - 13. Let v be (3/(-6))/((-4)/(-41 - -1)). Calculate y(v).
2
Let p(a) be the first derivative of -30 - 1/2*a**2 + 6*a. Give p(5).
1
Suppose 26*m + 8 + 96 = 0. Let y(t) = 2*t + 6. Calculate y(m).
-2
Let k(u) = u**3 - 2*u - 1. Suppose 2*m - 4*m - 18 = 0. Let w be m - (0 - 0)/(-4). Let x = w + 11. What is k(x)?
3
Suppose -4*s + 3*s = -57. Let a(w) = -30*w**2 - 28*w**2 + w + s*w**2. Suppose -7 - 2 = -3*z. Determine a(z).
-6
Let z = -55 - -50. Let f(c) = -c**2 + 6*c - 10. Let g(v) = -v**2 + 7*v - 11. Let x(d) = z*g(d) + 6*f(d). Calculate x(0).
-5
Let o(v) = v**3 - 7*v**2 + 6*v + 8. Let k be 1*(5 - 0 - 1). Suppose 6*g = k*g + 12. Suppose g = 3*j - 2*j. Determine o(j).
8
Suppose 0 = -168*n + 180*n + 72. Let l(i) = i**3 + 6*i**2 + 7*i + 8. Calculate l(n).
-34
Let y(x) = 7 - 4 - 2 + 6*x. Let l = 29 + -47. Let t = -16 - l. Calculate y(t).
13
Let g(o) be the first derivative of o**3/3 + 9*o**2/2 - 15*o - 11. Let s be g(-10). Let l(a) = a + 5. Let h(z) = 1. Let w(b) = 2*h(b) - l(b). Give w(s).
2
Let g(i) = 1 + 6*i - 5 - 6*i + 0 - i. Let w = 0 + -6. Determine g(w).
2
Let n(m) = 2*m**3 - 7*m**2 + 8*m + 1. Let a(w) = 3*w**3 - 7*w**2 + 8*w + 2. Let g(z) = -3*a(z) + 4*n(z). Suppose -14 = 2*s + 2. Calculate g(s).
-2
Let j = -64 + 43. Let w = j + 24. Let h(s) = -s**2. Give h(w).
-9
Let v(y) = -y**2 - 3*y + 10. Let x be v(-5). Let q(i) = -2*i + 0 + 2 + 5*i + x. Let n = -14 + 10. Determine q(n).
-10
Let s(o) = o**3 - 11*o**2 + 6. Let v be s(11). Let w(n) = 5 + 0 + 2*n - v - n**3 + 0. What is w(1)?
0
Let i(f) = -2*f - 9. Let s(r) = 4*r + 17. Let m(k) = 5*i(k) + 3*s(k). What is m(-5)?
-4
Suppose 0 = -h - 5, -d + 5*h + 34 = 5. Suppose 3*u + d*x - 3 = 6*x, 3 = x. Let i(j) = -j - 1. What is i(u)?
-4
Let j(c) = -c + 7. Let s be j(5). Let v(k) be the first derivative of k**4/4 - k**3 + k**2/2 + k - 54. Determine v(s).
-1
Let g(l) = 2*l**2 + 7*l + 8. Let y be g(-4). Let a = -12 + y. Let x be 1 + -3 + 0 + a. Let i(b) = 2*b**2 - b - 1. What is i(x)?
9
Let c = -1 - 6. Let j(q) = -q**3 + 5*q - 9 + 20*q**2 - 12*q**2 + 2*q**3. Determine j(c).
5
Let t(l) be the second derivative of 1/12*l**4 - 14*l + 2/3*l**3 + 3*l**2 + 0. Give t(-4).
6
Let g(q) be the first derivative of -3*q - 5 + 1/2*q**2. Let v(x) = -x + 3. Let j be v(-3). What is g(j)?
3
Let k(w) = 4*w + 2. Let c be ((4 - 1) + -4)*-5. Determine k(c).
22
Let o be 6/(-10) + (-2)/5 + 4. Let l(f) = o*f**2 - 4*f**2 + 6*f + 3 - 4. Let w be (-1 - (1 - 4)) + 2. Determine l(w).
7
Let r be (-176)/(-33) - (-2)/3. Suppose -3*t = -t - r. Suppose 0*l - t = -l. Let b(y) = -y + 2. Give b(l).
-1
Let y(z) = 2*z**2 + 3*z + 4. Let o = -304 + 301. Give y(o).
13
Let c = 220 + -218. Let l(q) be the first derivative of q**c + 1/3*q**3 + 1/4*q**4 - q + 4. Determine l(-2).
-9
Let l = -97 + 101. Let s(d) = 1 - 3*d + 8 - d**3 + 6*d + 2*d**2 - 4. What is s(l)?
-15
Suppose -4*n = 16, -6*b + 5*b + 23 = -4*n. Let p(f) = f. Let g(s) = s + 1. Let i(a) = -g(a) + 2*p(a). Determine i(b).
6
Let p be -4*1/(-4)*2. Let a be -3 - -2*(1 - p). Let q(b) = 3080*b**3 - 3081*b**3 + 3*b + 3*b - 4*b**2. Calculate q(a).
-5
Let x(n) = 3*n**2 + 23*n - 17. Let k(l) = -4*l**2 - 34*l + 25. Let o be 6/12*8 - -3. Let y(w) = o*x(w) + 5*k(w). Calculate y(8).
-2
Let u(q) be the second derivative of q**6/720 + q**5/20 - 7*q**4/12 + 7*q. Let y(d) be the third derivative of u(d). Let j be -10*(6/4 - 2). Give y(j).
11
Let j(u) = u**3 - 2*u**2 - 7*u - 26. Let z be j(5). Let t(f) = f**2 - 11*f + 4. What is t(z)?
46
Let o(x) = -x**2 - 7*x + 3. Let p be (-71)/10 - 48/(-480). Give o(p).
3
Let k(m) = m**2 - 4*m - 2. Let q(b) = 1. Let s(l) = -k(l) - 6*q(l). Suppose -c = c + 4*u - 18, 0 = -3*u + 9. What is s(c)?
-1
Let q(r) = -r**2 - 4*r - 7. Suppose -h + 1 = 2*a, 0 = -3*h + 7*h + 3*a + 6. Give q(h).
-4
Let j = -19504 + 19503. Let x(v) = 9*v + 3. Let y(g) = -37*g - 13. Let b(c) = -9*x(c) - 2*y(c). Calculate b(j).
6
Let j = -1530 + 1531. Let l(o) = -o + 3. Give l(j).
2
Let j(w) be the second derivative of 0 - w**3 - 9*w + 1/12*w**4 + 0*w**2. Determine j(5).
-5
Let m(u) = -u**2 + u - 3. Let a(x) = -x**3 + 8*x**2 + 9*x + 2. Let b be a(9). Suppose 0 = b*q - 0*q. Give m(q).
-3
Let x(k) = k**2 + 22*k + 21. Let b(v) = -3*v**2 - 88*v + 270. Let l be b(3). Calculate x(l).
0
Let o(g) be the third derivative of -g**5/20 + g**4/6 - g**3/2 + 60*g**2. Calculate o(2).
-7
Let t(b) = -b + 2. Let v(p) = -p**3. Suppose 2 = 3*a - 2*a. Let k be v(a). Let o = k - -11. Determine t(o).
-1
Let k(f) = 3*f**2 + f. Suppose z + 2*v + 66 = 3*z, -3*v - 39 = -z. Suppose 0*d + z = 3*d. Let t = -8 + d. What is k(t)?
14
Let c(w) = -w**3 + 4*w**2 + 6*w - 1. Let t = 24 - -26. Let a = t + -26. Let b be -3*2/a*-20. Give c(b).
4
Let u = 8 - 10. Let t = 6 + u. Suppose t*l + 16 = y - 2, -5*y + 5*l + 30 = 0. Let v(x) = -x**3 - x**2 + 2*x. Calculate v(y).
-8
Let l(q) = q - 2. Let u(x) = -x**2 + 7*x + 9. Let h(d) = 6*l(d) - u(d). Calculate h(0).
-21
Let g(f) = -10 + 5*f - 5*f + 4*f + 6 + f**2. Let q(v) = -2*v**2 + 2*v + 1. Let k be q(2). What is g(k)?
-7
Let b(t) be the first derivative of -t**3/3 - 7*t**2/2 + 7*t + 241. Calculate b(-11).
-37
Let x(j) = 2*j**2 - 2*j + 1. Let c(m) = -m**3 - 16*m**2 - 14*m + 19. Let r be c(-15). Suppose -r*l + 19 = 7. Give x(l).
13
Let h(q) = -q - 2. Let c be (2/6)/((-3)/(-9)). Let v be (12/(-10))/((-4)/10). Let n be ((-5)/3)/(c/v). Calculate h(n).
3
Let u(f) = 8*f + 1. Let i(l) = -l + 19. Let p be i(21). Let x be ((-1)/p)/((-5)/2 - -3). Give u(x).
9
Let v = -50 + 22. Let s = 25 + v. Let f(n) = -n**3 - 3*n**2 + 2*n + 1. Determine f(s).
-5
Suppose -5*q - 2*d - 23 = 0, 2*q - d + 2 = -0. Let j be 3/36*4*q. Let t(p) = -2*p**2 + 2*p + 1. Give t(j).
-3
Let h(p) = 2*p**2 + 4*p + 2. Suppose -4*j = -0*t - 4*t + 24, 4*t - 5*j = 27. Suppose -3*c + o = 2 - 0, -4*o - 10 = -t*c. Determine h(c).
2
Let n(v) be the third derivative of -v**6/360 - v**5/15 - 7*v**4/24 + v**3/3 + v**2. Let g(d) be the first derivative of n(d). Give g(-5).
8
Let f(p) be the second derivative of p**4/6 - p**3/3 - p**2 - 83*p. Calculate f(2).
2
Let t(y) = y + 5. Let m(o) = 5*o + 25. Suppose x - s - 2 = 2*s, 4*x - 3*s = 8. Let i(k) = x*m(k) - 11*t(k). Give i(4).
-9
Suppose 0 = 4*i - 5*u - 95, 5*i = u - 2 + 126. Let n(y) = 2*y - 48. What is n(i)?
2
Let z(t) = t**3 + 7*t**2 - 8*t + 10. Let w = -740 + 732. Give z(w).
10
Let a(w) = -w**2 - 4*w - 14. Let h(f) = -f**2 - 5*f - 13. Let x(p) = 3*a(p) - 4*h(p). Suppose -2*b = 8, s - b = -0*s + 7. Suppose 18 + 3 = -s*i. Calculate x(i).
3
Let y(l) = 6*l + 15. Let u(p) = 5*p + 12. Let r(k) = 5*u(k) - 4*y(k). Give r(6).
6
Suppose 0 = c + 3*t - 5, 3*c - 15 = t. Let k(q) = -10*q + 4*q + c*q**2 - 8 - q**3 + 12*q. Calculate k(6).
-8
Let k(a) = a**3 + 3*a**2 - a - 9. Let o = 19 + -22. Let l be k(o). Let t(u) = u**2 + 6*u + 5. Determine t(l).
5
Suppose -5*j + 2*j + 2*m - 21 = 0, -m = 3. Let y(x) = x**3 + 9*x**2 - 8. Determine y(j).
-8
Suppose -36 = -19*a + 2. Let d(k) = 3 - 2*k + k**2 - 5 + 4. Calculate d(a).
2
Let q be (-2)/(-21) + (-7293)/(-819). Let r(v) = v**2 - 11*v + 5. What is r(q)?
-13
Let f(g) = -g**3 - 30*g**2 - 30*g - 24. Let m be f(-29). Let i be (0 - 15/m) + 5. Let k(x) = 2*x + 2. What is k(i)?
6
Let s be ((-15)/(-10))/((-3)/(-4)). Let g be 1*((-12)/s)/2. Let d(v) = -v**2 - v - 3. Determine d(g).
-9
Suppose 3*d = -4*c + 12, 5*d - d + 10 = -c. Let f(y) = 0*y + 3*y**2 - 8 - 2*y**2 - 7*y. Determine f(c).
-14
Suppose -5*b + 32 = 4*t, 5*t - 11*b = -7*b - 1. Let r(a) be the first derivative of -1 - 3*a + a**2 + 1/3*a**t. What is r(3)?
12
Let u(w) = 1408*w - 2 - 3 + 0*w**2 - 1423*w + 5*w**2 - 4*w**2. Calculate u(16).
11
Let n(j) = j - 1. Suppose -4*l + 4*o = 12, -11 = 4*l - 2*l - 3*o. Suppose l*i - 15 = -3*u, 3*i - u + 13 = 5*i. Let z = i - 11. Determine n(z).
-6
Let b(s) = s**2 - 5*s + 6. Let y be b(4). Let w be 39/18 + (-3)/18. Let j(v) = -3*v*